 to base 4.
0
86 (base 12) to base 5
402
Convert -1c3 (base 15) to base 4.
-12120
What is 342 (base 5) in base 9?
117
-1 (base 12) to base 10
-1
-44 (base 8) to base 13
-2a
Convert -5 (base 14) to base 7.
-5
Convert 15 (base 7) to base 3.
110
Convert 17 (base 8) to base 16.
f
Convert -4 (base 9) to base 11.
-4
Convert 1 (base 12) to base 15.
1
Convert -6b (base 15) to base 6.
-245
24 (base 10) to base 14
1a
Convert -14 (base 8) to base 5.
-22
Convert 10c (base 13) to base 4.
2311
Convert -1110100 (base 2) to base 5.
-431
-5 (base 16) to base 8
-5
201 (base 8) to base 9
153
Convert -1 (base 8) to base 9.
-1
-14 (base 16) to base 3
-202
What is -19 (base 12) in base 9?
-23
Convert 22 (base 13) to base 11.
26
What is -46 (base 8) in base 13?
-2c
What is -43 (base 5) in base 15?
-18
4 (base 16) to base 12
4
Convert -13 (base 8) to base 12.
-b
What is 1 (base 16) in base 11?
1
Convert -5 (base 9) to base 6.
-5
Convert 1 (base 7) to base 3.
1
What is 5 (base 9) in base 11?
5
-2 (base 14) to base 9
-2
-31 (base 5) to base 11
-15
-83 (base 11) to base 7
-160
What is -211 (base 7) in base 16?
-6a
2004 (base 5) to base 14
142
Convert 11 (base 8) to base 10.
9
Convert 8 (base 9) to base 15.
8
Convert e (base 16) to base 6.
22
What is 102 (base 5) in base 8?
33
Convert 1 (base 6) to base 11.
1
-11 (base 3) to base 7
-4
4c (base 14) to base 7
125
What is -b (base 15) in base 4?
-23
Convert -110 (base 3) to base 5.
-22
Convert -303 (base 5) to base 2.
-1001110
Convert -10 (base 6) to base 15.
-6
What is 32 (base 5) in base 9?
18
-182 (base 13) to base 5
-2100
Convert 8 (base 14) to base 13.
8
What is 3 (base 6) in base 5?
3
-2 (base 6) to base 15
-2
Convert -233 (base 4) to base 3.
-1202
5 (base 8) to base 2
101
Convert -1022 (base 3) to base 13.
-29
-3 (base 15) to base 10
-3
-16 (base 14) to base 10
-20
-1a (base 12) to base 7
-31
641 (base 8) to base 9
513
What is -175 (base 15) in base 9?
-412
What is 4 (base 15) in base 3?
11
Convert -4 (base 15) to base 5.
-4
Convert 1 (base 7) to base 6.
1
Convert 15 (base 6) to base 11.
10
Convert -2 (base 8) to base 13.
-2
Convert -a (base 15) to base 13.
-a
What is a (base 12) in base 13?
a
What is -101 (base 2) in base 12?
-5
What is -4 (base 14) in base 4?
-10
3 (base 15) to base 8
3
What is 21 (base 7) in base 10?
15
What is -283 (base 9) in base 15?
-10c
Convert -a2 (base 16) to base 9.
-200
Convert -2 (base 7) to base 9.
-2
-12 (base 4) to base 8
-6
-64 (base 12) to base 16
-4c
What is -1 (base 10) in base 14?
-1
Convert -3 (base 15) to base 10.
-3
-15 (base 13) to base 8
-22
Convert 12 (base 8) to base 2.
1010
8 (base 15) to base 5
13
-2 (base 6) to base 7
-2
What is 3 (base 16) in base 15?
3
What is -10 (base 10) in base 3?
-101
-61 (base 11) to base 14
-4b
-4 (base 9) to base 4
-10
What is 310 (base 4) in base 5?
202
What is -31 (base 7) in base 16?
-16
-3 (base 15) to base 16
-3
-212 (base 4) to base 16
-26
Convert -110 (base 3) to base 13.
-c
What is 5 (base 15) in base 13?
5
Convert 4 (base 10) to base 4.
10
Convert -10 (base 3) to base 6.
-3
Convert -23 (base 4) to base 9.
-12
5a (base 14) to base 2
1010000
Convert -240 (base 8) to base 10.
-160
165 (base 7) to base 4
1200
Convert 1000110 (base 2) to base 5.
240
1 (base 2) to base 15
1
40 (base 5) to base 10
20
What is -10 (base 8) in base 13?
-8
Convert 10 (base 13) to base 5.
23
111 (base 3) to base 12
11
-3 (base 6) to base 9
-3
1 (base 10) to base 6
1
5 (base 13) to base 10
5
11121 (base 3) to base 8
174
What is 331 (base 6) in base 4?
1333
What is 52 (base 14) in base 8?
110
Convert 12 (base 7) to base 6.
13
6 (base 10) to base 9
6
Convert -110010001 (base 2) to base 10.
-401
What is 105 (base 7) in base 4?
312
204 (base 5) to base 7
105
What is -1 (base 10) in base 9?
-1
2f (base 16) to base 5
142
Convert -161 (base 7) to base 5.
-332
2 (base 5) to base 13
2
-16 (base 8) to base 2
-1110
Convert -3 (base 14) to base 5.
-3
2 (base 8) to base 15
2
1b (base 13) to base 16
18
2 (base 16) to base 15
2
What is -1000 (base 2) in base 15?
-8
Convert 10100 (base 3) to base 13.
6c
Convert 4 (base 6) to base 16.
4
-10 (base 13) to base 7
-16
What is 1302 (base 4) in base 15?
79
-101 (base 6) to base 13
-2b
What is 14 (base 5) in base 2?
1001
What is 14 (base 6) in base 9?
11
-7 (base 10) to base 9
-7
0 (base 10) to base 14
0
What is -28 (base 14) in base 5?
-121
Convert -4 (base 15) to base 7.
-4
-3a (base 16) to base 3
-2011
Convert -a (base 13) to base 2.
-1010
What is -1 (base 9) in base 14?
-1
Convert -1 (base 6) to base 8.
-1
-4 (base 5) to base 7
-4
What is 21020 (base 3) in base 9?
236
What is 100 (base 2) in base 14?
4
2 (base 5) to base 15
2
Convert -9 (base 12) to base 8.
-11
-199 (base 11) to base 8
-345
What is 1 (base 15) in base 12?
1
Convert 97 (base 15) to base 9.
167
11 (base 7) to base 15
8
Convert -8 (base 9) to base 4.
-20
Convert -3 (base 11) to base 2.
-11
-436 (base 9) to base 15
-18c
-52 (base 11) to base 13
-45
2 (base 7) to base 16
2
Convert -1 (base 13) to base 7.
-1
Convert -4 (base 12) to base 14.
-4
What is 14 (base 6) in base 5?
20
Convert -253 (base 7) to base 14.
-9a
What is 114 (base 14) in base 8?
326
Convert 1 (base 3) to base 6.
1
-5 (base 13) to base 4
-11
What is -b7 (base 12) in base 7?
-256
-6 (base 16) to base 12
-6
Convert -313 (base 4) to base 6.
-131
Convert -5b (base 14) to base 3.
-10000
224 (base 8) to base 12
104
-79 (base 14) to base 7
-212
Convert -10001 (base 2) to base 3.
-122
-4 (base 5) to base 15
-4
0 (base 12) to base 13
0
-10011101 (base 2) to base 9
-184
0 (base 15) to base 12
0
Convert 0 (base 4) to base 9.
0
What is -2 (base 7) in base 9?
-2
-64 (base 12) to base 15
-51
-1001000 (base 2) to base 12
-60
What is -1210 (base 4) in base 6?
-244
What is 82 (base 10) in base 5?
312
Convert 15 (base 16) to base 5.
41
What is -253 (base 8) in base 12?
-123
Convert 76 (base 15) to base 16.
6f
What is -24 (base 11) in base 16?
-1a
Convert 1001 (base 2) to base 14.
9
Convert -2 (base 16) to base 8.
-2
What is -11 (base 2) in base 8?
-3
4 (base 8) to base 12
4
5 (base 14) to base 8
5
Convert 21 (base 13) to base 10.
27
What is -d (base 14) in base 11?
-12
1ca (base 13) to base 6
1315
2d (base 14) to base 2
101001
What is -2342 (base 5) in base 4?
-11123
Convert -5 (base 12) to base 16.
-5
What is 83 (base 12) in base 2?
1100011
What is -1a (base 16) in base 7?
-35
Convert 3 (base 11) to base 8.
3
What is 110110011 (base 2) in base 11?
366
What is -1 (base 13) in base 3?
-1
11 (base 6) to base 8
7
Convert -12 (base 10) to base 2.
-1100
Convert -21 (base 12) to base 16.
-19
What is 21 (base 3) in base 15?
7
What is 4b (base 13) in base 12?
53
What is -95 (base 11) in base 9?
-125
What is 2 (base 7) in base 15?
2
-3 (base 8) to base 15
-3
-1 (base 12) to base 16
-1
-52 (base 14) to base 3
-2200
What is -a (base 11) in base 9?
-11
31 (base 9) to base 13
22
11120 (base 3) to base 11
102
What is 20 (base 8) in base 9?
17
1 (base 7) to base 15
1
0 (base 13) to base 4
0
What is -13 (base 12) in base 6?
-23
-1202 (base 4) to base 14
-70
What is -101101 (base 2) in base 16?
-2d
Convert 13 (base 6) to base 4.
21
-4 (base 6) to base 15
-4
0 (base 16) to base 8
0
Convert -4 (base 14) to base 5.
-4
What is 5 (base 12) in base 15?
5
322 (base 6) to base 9
145
Convert -1 (base 14) to base 12.
-1
Convert 20 (base 9) to base 16.
12
What is 60 (base 13) in base 3?
2220
Convert -4 (base 16) to base 11.
-4
What is 248 (base 9) in base 5?
1311
What is 4 (base 9) in base 11?
4
100 (base 3) to base 16
9
Convert 1300 (base 4) to base 9.
134
-10 (base 12) to base 2
-1100
Convert -4 (base 5) to base 12.
-4
Convert 0 (base 12) to base 16.
0
Convert -1 (base 14) to base 6.
-1
What is 11 (base 7) in base 15?
8
Convert -66 (base 12) to base 8.
-116
120 (base 6) to base 8
60
What is -1000100 (base 2) in base 11?
-62
-1 (base 5) to base 14
-1
What is -30 (base 11) in base 7?
-45
What is -2 (base 11) in base 14?
-2
What is 20 (base 7) in base 4?
32
Convert 1 (base 2) to base 4.
1
What is 3 (base 5) in base 14?
3
Convert -13b (base 12) to base 15.
-cb
Convert -1111 (base 2) to base 13.
-12
35 (base 6) to base 13
1a
What is 0 (base 3) in base 11?
0
What is -1 (base 7) in base 15?
-1
-c (base 15) to base 16
-c
What is -4 (base 8) in base 12?